f (5 - 34) + 55 + -8 + (2 - 61)?
-41
Calculate 7 - (38 - -34) - -19.
-46
What is the value of -4 + 15 + 9 - (4 + -2 + 8) - -42?
52
1 - (13 + (-4 - -3)) - (-98 - (38 + -50))
75
Evaluate -4 - ((-1 - 1) + (21 - 35) + 13).
-1
What is the value of -29 - (-10 + -80 + 24) - -98?
135
Calculate (66 + 1 - ((10 - 41) + 43)) + -11.
44
What is the value of -59 + 83 + -38 - (-8 - -3)?
-9
1 - 45 - ((1 - 0) + 3 + -16 - -7)
-39
(1 - (2 + -8 + 1)) + (9 - (86 - -11))
-82
9 + (34 + -9 - 44 - -78)
68
Evaluate 8 + -76 + 30 - (1 - 21).
-18
Calculate (5 - (-15 - 6)) + -333 + 292.
-15
Evaluate -13 - ((-12 - (-42 - -5)) + -52).
14
What is the value of -31 + (-38 - -84) + (-101 - 10)?
-96
Calculate 5 - (10 - ((0 + -2 - 9) + 33)).
17
What is the value of -1 - (6 + 7) - ((66 - 0) + 249 + -241)?
-88
Evaluate (-97 - -84 - ((-5 - 0) + -9 - -2)) + -62.
-63
Evaluate -30 + -12 + 0 - -19 - (6 - -107).
-136
What is the value of 13 + -14 - (-83 - 3) - (5 + -6)?
86
What is 63 + -201 + 52 + -9?
-95
What is (15 - 39 - -27) + (1 - -49)?
53
-16 + (92 - 1) + 73 + 4 + -64
88
Evaluate (-4 + 2 + (11 - -10 - 26) - 3) + 36.
26
What is the value of 14 + (12 - 28) - (8 - (3 + -4 - -37))?
26
(-4 + -36 - -16) + (3 - (-1 + (2 - -3)))
-25
Evaluate -18 - (9 + 3 - ((26 - -1) + -27)).
-30
What is the value of 118 + -89 + 55 + 15?
99
Evaluate 1 + -19 - (-119 - -171).
-70
-68 + 98 + (-24 - 55)
-49
What is the value of 8 + -51 + 36 + 92?
85
Evaluate 10 - (20 + -39 + 7 + 0).
22
What is -102 + (0 - -1) + (3082 - 3150 - (-60 - 2))?
-107
Calculate -4 + -1 - (58 - (46 - 19)).
-36
Evaluate (-49 - 1) + -10 + (8 - (4 + -5)) + 2.
-49
Evaluate (-22 - (21 - 93)) + -82 - -162.
130
Evaluate (-67 - -41 - (1 - 64)) + -28.
9
Evaluate (35 - 29) + -50 - (-2 - -3).
-45
Evaluate -34 + (-44 - -54) + (0 - 2 - -1).
-25
What is (28 - (18 + -22) - 55) + 107?
84
What is 98 + (-12 - (-65 + (70 - 40)))?
121
(2746 - 2769) + -1 + 32
8
What is the value of 10 - (4 + 5 + 7 + -5 + -12)?
11
(20 - (7 - 29 - -37)) + 33
38
-4 + (45 - (146 + -51)) + -1 + -10 + 1
-64
-35 + 0 + -10 + 0
-45
Calculate -51 + 16 + (-9 - -81) - -88.
125
What is 37 + (-39 - -17) - (0 - (-65 - -3))?
-47
Calculate (-7 - ((5 - 9) + 7 + 9 - 16)) + 20.
17
What is (216 - 209) + -22 + 5 + -2 + -22?
-34
Evaluate -3 + 24 + (-177 - -43) - (-18 + 9).
-104
Evaluate 3 - -82 - (-185 - -228).
42
What is the value of (12 - 25) + (383 - 310)?
60
What is the value of -63 - (-17 + 7 + 18 + -10)?
-61
What is (33 + 19 - 42) + 3 + (-40 - 5)?
-32
What is the value of 7867 - 7933 - (21 - 2)?
-85
2 - (11 + -9 - -13) - -5 - -8
0
Evaluate (-19 - -1) + (-6 - (90 + -54 - 37)).
-23
Calculate 665 + -709 - ((-16 - -7 - -6) + 1 + -2).
-40
What is -3 - (-6 + 5) - (-47 - -50 - -50)?
-55
-14 + (-87 - (-20 - (-12 + -28)))
-121
What is -8 + (8 - 3) + -3 + (-13 - -5)?
-14
What is the value of -4 - (105 + -45) - (0 + -22)?
-42
-31 - (89 - 70) - (-1 + 2 + 0 - -7)
-58
17 - (-83 + (-16 - -15) + 10 - -14)
77
What is the value of (34 - (-33 - -92)) + 0?
-25
Calculate -39 + 16 - (-1 + (6 - 8) - 9).
-11
172 - 134 - ((140 - -1) + 1)
-104
What is (1433 - 1442) + (-18 - 1)?
-28
What is -1 + 13 + -14 + 11 + 5 - -10?
24
What is -5 + (-19 - (-17 + -39))?
32
What is the value of -68 + (42 - (3 - -5))?
-34
Calculate (111 - 43 - 142) + 25.
-49
What is the value of (-246 - -348) + (3 - -21) + -3 - (8 + 0)?
115
What is 54 + (26 - 89) - (0 - 0 - -3 - 80)?
68
What is the value of 21 + 4 + (-4308 - -4391)?
108
What is the value of -76 - (-4 + 0 - (-22 - (-9 + -9)))?
-76
Calculate (-7 - (4 + -5)) + (4 - (33 + 2)).
-37
What is the value of (-1 - (-4 - -4)) + -86 + (-18 + 32 - 26)?
-99
What is the value of 116 + -169 - (-24 - 60)?
31
What is -65 + (-42 - 22 - -37) + -11?
-103
-5 + -1 + 6 + 6 + 31 + -1
36
What is (706 - 712) + 122 + 11?
127
What is the value of 35 + (-30 - -17 - 19 - 11)?
-8
Evaluate -104 + -84 + 1 - -77.
-110
What is 96 - (369 + -159 - 105)?
-9
0 + 23 + (-53 - -40) + (18 - 7)
21
Calculate 9 + -4 + (14 - -33) + -48.
4
Evaluate 3 - 8 - -34 - (27 + -1).
3
What is 149 - (36 + 83) - (-41 + -1)?
72
What is 5 - (3 - (1 - (17 + 0 + -1)))?
-13
Calculate (6 - (-1 - (-2 + -4))) + (1 - 2).
0
Evaluate 38 + (6 - 11) + (0 - 8 - 0).
25
Evaluate 4 + (1 - (5 - (10 - 0))) - 13 - 8.
-11
What is the value of 9 + -86 + 28 + 44?
-5
(32 - (-6 - -30 - 28)) + -16
20
0 + 11 + (5 - -12) + 17 - -1
46
Calculate -56 + (13 - -33 - -5).
-5
What is 43 + (6 - 0 - (73 + 32 + -96))?
40
Calculate (0 - 120) + (3501 - 3458).
-77
Evaluate (63 - 29) + -46 + 1 + -2 + 62.
49
What is the value of (30 - 32) + -75 + 31?
-46
What is -14 + 20 - 86 - -72?
-8
What is 27 - 17 - 24 - (-14 - (-6 + 2))?
-4
Evaluate (44 - 8 - 97) + 34.
-27
Evaluate 70 + -53 + 48 + -11.
54
What is the value of (64 - (-2 - -2)) + -169 + 83 + 85?
63
What is 3 + -1 + (-14 - 8 - (-78 + 53)) + -5?
0
What is 19 + (-47 - -18 - -4)?
-6
What is 237 + -142 - 112 - (-1 + -72)?
56
What is the value of -2 + 2 - (-10 - (10 + -17 + -3))?
0
What is 27 + ((6 - 1) + 3 - (-2 + (7 - -5)))?
25
What is the value of (1 - 26) + (-43 - (-70 + 58 + -20))?
-36
What is -678 + 761 + (-46 - 0)?
37
What is the value of 7 - (-2 + -1 - (-176 - -162))?
-4
What is -16 - (-45 - -12) - 11 - (2 + 2) - -52?
54
Calculate (-1 - (15 - -7)) + 38 + -89.
-74
Calculate -87 + -20 + (175 - 30).
38
Calculate -5 - ((-4 + 5 - 4) + (-9 - 25)).
32
Evaluate -100 + (47 - 83) + 102.
-34
What is the value of 259 - 226 - (80 + 6 + 4)?
-57
Evaluate -14 + 5 - 4 - 12 - -21.
-4
Calculate -5 + 1 - (-45 + (161 - 90)).
-30
Calculate 22 + (-5 - (15 + 14 + -12)).
0
-76 - -51 - -46 - (111 + 9)
-99
Evaluate -7 + 53 + -108 + 118.
56
Calculate 1 - -38 - ((-18 - (-8 - 21)) + -1).
29
What is the value of -38 - (-1 + -12 - (10 - 11 - 11))?
-37
Evaluate 19 + 10 - (12 + -11 - 17).
45
1 + -8 + 15 + -91
-83
Evaluate 3 - ((9 - (11 - -35) - 0) + 6).
34
(-8 - -19 - -8 - (-96 - -241)) + (-2 - -13)
-115
0 + 0 - (114 + -211 - -79)
18
What is the value of 10 + -7 - (-3 - -19) - -15?
2
Evaluate (28 - 7 - -11) + 6.
38
Evaluate (-8 - (-3 + 0)) + -10 - 9 - -1.
-23
What is -44 - (-267 + 103 + 101)?
19
Evaluate -104 + (40 - (-98 - -4)).
30
Evaluate -3 + 8 + -65 + 43 + -10.
-27
-23 + (-33 - (9 - -8 - 138))
65
Calculate (-112 - -66) + -5 + 71.
20
Calculate -2 - 23 - (645 + -667).
-3
What is the value of 3 + 196 + -189 - (1 + -1 + 77 + -1)?
-66
What is the value of (61 - (94 - 71)) + -77?
-39
Evaluate (-4 - 1) + -41 - (-12 - (13 - (4 - -10))).
-35
Evaluate (-9 - ((-3 - 0) + -20 + -235 + 236)) + 65.
78
Calculate 22 - ((-14 - (3 + -7)) + 10 + -4).
26
Evaluate (1 - -40) + (3023 - 3076).
-12
What is (-55 - (2 - (-11 - -43))) + 15?
-10
13 + (15 + -19 - 2) + -41
-34
20 + (47 + -58 - 44)
-35
Calculate (3 - -18) + (2 - 15) + -20 + 40.
28
-4 + 8 + -8 - (-14 - 29 - -31)
8
Calculate 10 + -18 + 61 + -61.
-8
What is the value of -62 - (30 + (3 - (-21 + 27)) - 15)?
-74
What is -17 + 0 + 962 + -857 + -13?
75
What is the value of (1 - -4) + -11 - (-22 + (-11 - -21)) - -112?
118
7410 + -7331 - (149 + 2)
-72
Evaluate -30 - (-35 + 53 + -25 + 13 + 1).
-37
Evaluate -166 + 239 - (28 + 4).
41
Evaluate 5 + (-6 - (-9 + 17)) - 22.
-31
Evaluate -91 + (75 - 238 - -165).
-89
Calculate (38 - -67) + -4 - 100.
1
What is the value of 0 + 8 - (52 + 4) - (3 + (-1 - 1))?
-49
What is the value of 9 - (-58 + 44 + -28) - 20?
31
What is 58 + (5 + 12 - 25)?
50
-2 + 0 + -1 + -12 + (21 + -10 - 76)
-80
What is 38 - (-41 - -71 - 13)?
21
Calculate (-19 - 67) + 76 - (-32 - -2).
20
Calculate 13 - (-9 + -1 - (171 - 184)).
10
What is the value of -4 + 1 + (-14 - -23 - 13) + (29 - -21)?
43
What is the value of -5 - (54 + 81 + -134)?
-6
-55 + (-2 - -3) - (-21 - 2 - -41)
-72
Calculate -8 - (8 + -19) - (-13 + 5 - (-6 - 0)).
5
What is the value of 7 + (2 + 8 - ((-20 - 4) + 23))?
18
Calculate -20355 + 20362 + (-47 - (3 + (-2 - -2))).
-43
Evaluate (15 - (-16 - 10)) + -54.
-13
What is -3 + (-4 - (-25 + 5) - 12) - 16?
-15
Calculate -11 - (13 + -109 + 185).
-100
Evaluate -3 + 0 + 7 - (42 + (1 - 4) + -22).
-13
Evaluate -20 + ((18 - 3) + 6 - 20).
-19
What is the value of (280 - 267) + -2 + 99 - -12?
122
Evaluate (-39 - -73) + -54 + 64 - -34.
78
-31 + 6 + -34 + (-10 - -7)
-62
Calculate 70 + 8 + (112 - 141) + (-2 - -19).
66
What is (6 - (-36 + -5 + (2 + -2 - 5))) + -4?
48
What is the value of 16 + -35 - -18 - 1 - 3?
-5
-3 + 74 + -13 